{"id":487,"date":"2024-03-26T11:03:32","date_gmt":"2024-03-26T11:03:32","guid":{"rendered":"https:\/\/gestacarperitaciones.com\/?page_id=487"},"modified":"2025-08-20T11:12:29","modified_gmt":"2025-08-20T11:12:29","slug":"peritaciones-alicante","status":"publish","type":"page","link":"https:\/\/gestacarperitaciones.com\/index.php\/peritaciones-alicante\/","title":{"rendered":"Servicios a Particulares"},"content":{"rendered":"\n<div class=\"wp-block-cover alignfull\" style=\"border-radius:0px;padding-top:var(--wp--preset--spacing--60);padding-right:0;padding-bottom:var(--wp--preset--spacing--60);padding-left:0;min-height:207px;aspect-ratio:unset;\"><span aria-hidden=\"true\" class=\"wp-block-cover__background has-nv-light-bg-background-color has-background-dim-100 has-background-dim\"><\/span><div class=\"wp-block-cover__inner-container is-layout-flow wp-block-cover-is-layout-flow\">\n<div class=\"wp-block-group\"><div class=\"wp-block-group__inner-container is-layout-flow wp-block-group-is-layout-flow\">\n<div class=\"wp-block-group\"><div class=\"wp-block-group__inner-container is-layout-constrained wp-block-group-is-layout-constrained\">\n<div class=\"wp-block-columns is-layout-flex wp-container-core-columns-is-layout-9d6595d7 wp-block-columns-is-layout-flex\">\n<div class=\"wp-block-column has-small-font-size is-layout-flow wp-block-column-is-layout-flow\" style=\"padding-right:0;padding-left:0\">\n<p class=\"has-text-align-center has-neve-text-color-color has-text-color has-link-color has-large-font-size wp-elements-3dabc4c20e1b754138db99594e88b90f\"><strong>Servicios para Particulares<\/strong><\/p>\n\n\n\n<p class=\"has-text-align-center has-neve-link-color-color has-text-color has-link-color wp-elements-d92eb783e5b8b4af74383de7fcf4a1bc\" style=\"padding-top:var(--wp--preset--spacing--20);padding-right:var(--wp--preset--spacing--20);padding-bottom:var(--wp--preset--spacing--20);padding-left:var(--wp--preset--spacing--20);font-size:19px\"><strong>\u00bfTienes un problema con tu veh\u00edculo y necesitas asesor\u00eda t\u00e9cnica o un informe pericial?<\/strong> <strong>Solicita presupuesto sin compromiso en menos de 24 horas.<\/strong><\/p>\n\n\n\n<blockquote class=\"wp-block-quote is-style-default has-nv-light-bg-background-color has-background has-medium-font-size is-layout-flow wp-block-quote-is-layout-flow\" style=\"padding-top:0;padding-right:0;padding-bottom:0;padding-left:0\">\n<div class=\"wp-block-columns is-not-stacked-on-mobile is-layout-flex wp-container-core-columns-is-layout-9d6595d7 wp-block-columns-is-layout-flex\">\n<div class=\"wp-block-column is-layout-flow wp-block-column-is-layout-flow\" style=\"padding-top:0;padding-right:0;padding-bottom:0;padding-left:0;flex-basis:33.33%\">\n<ul class=\"wp-block-list\">\n<li class=\"has-neve-text-color-color has-text-color has-link-color has-small-font-size wp-elements-a2e7cfa244082d7eafc58a67b088d401\"><strong>AVERIAS MECANICAS<\/strong><\/li>\n\n\n\n<li class=\"has-nv-dark-bg-color has-text-color has-link-color has-small-font-size wp-elements-dae13331a69904c5dbfaf6c0ac210f05\"><strong>VICIOS OCULTOS<\/strong><\/li>\n\n\n\n<li class=\"has-nv-dark-bg-color has-text-color has-link-color has-small-font-size wp-elements-11130075cbe21da3e372054746aeb1c0\"><strong>VALORACION DE DA\u00d1OS<\/strong><\/li>\n\n\n\n<li class=\"has-nv-dark-bg-color has-text-color has-link-color has-small-font-size wp-elements-7eb0385aaf621bfd9da3a3aa9eaaa4dd\"><strong>MALAS REPARACIONES<\/strong><\/li>\n\n\n\n<li class=\"has-nv-dark-bg-color has-text-color has-link-color has-small-font-size wp-elements-d73df06af2e8a919ec3ccb62f5c62354\"><strong>PERITACIONES TERCIARIAS<\/strong><\/li>\n\n\n\n<li class=\"has-nv-dark-bg-color has-text-color has-link-color has-small-font-size wp-elements-f6d17f65a3cedb986e46ceaa7bee7507\"><strong>ESTADO DEL VEHICULO<\/strong><\/li>\n\n\n\n<li class=\"has-nv-dark-bg-color has-text-color has-link-color has-small-font-size wp-elements-ea1223ef9ecea7dfb0c35b37edb5bd39\"><strong>PERITAJE JUDICIAL<\/strong><\/li>\n\n\n\n<li class=\"has-nv-dark-bg-color has-text-color has-link-color has-small-font-size wp-elements-e5c0bf9dd00364c1c8998ee5791af1e3\"><strong>TASACI\u00d3N PARA VENTA<\/strong><\/li>\n\n\n\n<li class=\"has-nv-dark-bg-color has-text-color has-link-color has-small-font-size wp-elements-63e017763571e1b89941fc7370f7ea8f\"><strong>PERITACI\u00d3N TELEMATICA<\/strong><\/li>\n\n\n\n<li class=\"has-nv-dark-bg-color has-text-color has-link-color has-small-font-size wp-elements-4dfb30c4f6799bb785ba43e60955821a\"><strong>COCHES<\/strong><\/li>\n\n\n\n<li class=\"has-nv-dark-bg-color has-text-color has-link-color has-small-font-size wp-elements-c80c406642b0f4f6195cfc0ec3a3cdc4\"><strong>MOTOS<\/strong><\/li>\n\n\n\n<li class=\"has-nv-dark-bg-color has-text-color has-link-color has-small-font-size wp-elements-01d99bbe095142f7e68b546b90e5328d\"><strong>FURGONETAS<\/strong><\/li>\n\n\n\n<li class=\"has-nv-dark-bg-color has-text-color has-link-color has-small-font-size wp-elements-3eca1606e964ec4ad01e2fc2a88f8a2b\"><strong>INDUSTRIALES<\/strong><\/li>\n\n\n\n<li class=\"has-nv-dark-bg-color has-text-color has-link-color has-small-font-size wp-elements-a07cef21bcc3a113f3e25ed18ed456b2\"><strong>CAMIONES<\/strong><\/li>\n<\/ul>\n<\/div>\n\n\n\n<div class=\"wp-block-column has-nv-dark-bg-color has-text-color has-link-color wp-elements-ac02a673ac9045db06da5bffaec4ee1b is-layout-flow wp-block-column-is-layout-flow\" style=\"flex-basis:50%\">\n<div id=\"wp-block-themeisle-blocks-form-6f61b56f\" class=\"wp-block-themeisle-blocks-form\" data-option-name=\"bf9b28ff82ce323187abc5d0feb0d8f07ecd8436_6f61b56f\"><form class=\"otter-form__container\">\n<div id=\"wp-block-themeisle-blocks-form-input-7712fac1\" class=\"wp-block-themeisle-blocks-form-input is-style-o-c-two-thirds\"><label for=\"wp-block-themeisle-blocks-form-input-7712fac1-input\" class=\"otter-form-input-label\"><span class=\"otter-form-input-label__label\">Nombre<\/span><span class=\"required\">*<\/span><\/label><input type=\"text\" id=\"wp-block-themeisle-blocks-form-input-7712fac1-input\" required class=\"otter-form-input\"\/><\/div>\n\n\n\n<div id=\"wp-block-themeisle-blocks-form-input-e1cdf67d\" class=\"wp-block-themeisle-blocks-form-input\"><label for=\"wp-block-themeisle-blocks-form-input-e1cdf67d-input\" class=\"otter-form-input-label\"><span class=\"otter-form-input-label__label\">Email<\/span><span class=\"required\">*<\/span><\/label><input type=\"email\" id=\"wp-block-themeisle-blocks-form-input-e1cdf67d-input\" required class=\"otter-form-input\"\/><\/div>\n\n\n\n<div id=\"wp-block-themeisle-blocks-form-textarea-797f989c\" class=\"wp-block-themeisle-blocks-form-textarea\"><label for=\"wp-block-themeisle-blocks-form-textarea-797f989c-input\" class=\"otter-form-textarea-label\"><span class=\"otter-form-textarea-label__label\">Mensaje<\/span><\/label><textarea id=\"wp-block-themeisle-blocks-form-textarea-797f989c-input\" rows=\"10\" class=\"otter-form-textarea-input\"><\/textarea><\/div>\n\n\n<div class=\"protection\" aria-hidden=\"true\"><input type=\"hidden\" id=\"wp-block-themeisle-blocks-form-6f61b56f_nonce_field\" name=\"wp-block-themeisle-blocks-form-6f61b56f_nonce_field\" value=\"583618b8ef\" \/><input type=\"hidden\" name=\"_wp_http_referer\" value=\"\/index.php\/wp-json\/wp\/v2\/pages\/487\" \/><input class=\"o-anti-bot\" type=\"checkbox\"><\/div>\n\n\n<p style=\"font-size:8px\">Informaci\u00f3n b\u00e1sica sobre protecci\u00f3n de datos     <strong>Informaci\u00f3n Adicional:<\/strong>&nbsp;Puede consultar la informaci\u00f3n detallada en la&nbsp;<a href=\"https:\/\/gestacarperitaciones.com\/index.php\/politica-de-privacidad\/\">Pol\u00edtica de Privacidad<\/a>.  <strong>Responsable:<\/strong>&nbsp;Gestacar Peritaciones SL.  <strong>Finalidad:<\/strong>&nbsp; Responder las consultas. <strong>Legitimaci\u00f3n:<\/strong>&nbsp; Por consentimiento del interesado.   <strong>Destinatarios y encargados de tratamiento:<\/strong>&nbsp; No se ceden o comunican datos a terceros para prestar este servicio. El Titular ha contratado los servicios de alojamiento web a AWN que act\u00faa como encargado de tratamiento <strong>Derechos:<\/strong>&nbsp;Acceder, rectificar y suprimir los datos..<\/p>\n\n\n\n<p style=\"font-size:8px\"><\/p>\n\n\n\n<p style=\"font-size:8px\"><\/p>\n\n\n\n<p style=\"font-size:8px\"><\/p>\n\n\n\n<p style=\"font-size:8px\"><\/p>\n\n\n\n<p style=\"font-size:8px\"><\/p>\n<div class=\"wp-block-button\"><button class=\"wp-block-button__link\" type=\"submit\">Enviar<\/button><\/div><\/form><\/div>\n<\/div>\n<\/div>\n<\/blockquote>\n<\/div>\n<\/div>\n<\/div><\/div>\n<\/div><\/div>\n<\/div><\/div>\n\n\n\n<div class=\"wp-block-columns is-layout-flex wp-container-core-columns-is-layout-9d6595d7 wp-block-columns-is-layout-flex\">\n<div class=\"wp-block-column is-layout-flow wp-block-column-is-layout-flow\">\n<figure class=\"wp-block-image size-full\"><img fetchpriority=\"high\" decoding=\"async\" width=\"482\" height=\"287\" src=\"https:\/\/gestacarperitaciones.com\/wp-content\/uploads\/2025\/07\/TELEFONO.jpg\" alt=\"\" class=\"wp-image-913\" srcset=\"https:\/\/gestacarperitaciones.com\/wp-content\/uploads\/2025\/07\/TELEFONO.jpg 482w, https:\/\/gestacarperitaciones.com\/wp-content\/uploads\/2025\/07\/TELEFONO-300x179.jpg 300w\" sizes=\"(max-width: 482px) 100vw, 482px\" \/><\/figure>\n<\/div>\n\n\n\n<div class=\"wp-block-column is-layout-flow wp-block-column-is-layout-flow\">\n<figure class=\"wp-block-image size-full\"><img decoding=\"async\" width=\"482\" height=\"287\" src=\"https:\/\/gestacarperitaciones.com\/wp-content\/uploads\/2025\/07\/EMAIL.jpg\" alt=\"\" class=\"wp-image-914\" srcset=\"https:\/\/gestacarperitaciones.com\/wp-content\/uploads\/2025\/07\/EMAIL.jpg 482w, https:\/\/gestacarperitaciones.com\/wp-content\/uploads\/2025\/07\/EMAIL-300x179.jpg 300w\" sizes=\"(max-width: 482px) 100vw, 482px\" \/><\/figure>\n<\/div>\n\n\n\n<div class=\"wp-block-column is-layout-flow wp-block-column-is-layout-flow\">\n<figure class=\"wp-block-image size-full\"><img decoding=\"async\" width=\"482\" height=\"287\" src=\"https:\/\/gestacarperitaciones.com\/wp-content\/uploads\/2025\/07\/OFICINA.jpg\" alt=\"\" class=\"wp-image-915\" srcset=\"https:\/\/gestacarperitaciones.com\/wp-content\/uploads\/2025\/07\/OFICINA.jpg 482w, https:\/\/gestacarperitaciones.com\/wp-content\/uploads\/2025\/07\/OFICINA-300x179.jpg 300w\" sizes=\"(max-width: 482px) 100vw, 482px\" \/><\/figure>\n<\/div>\n<\/div>\n\n\n\n<div class=\"wp-block-cover alignfull\" style=\"min-height:222px;aspect-ratio:unset;\"><span aria-hidden=\"true\" class=\"wp-block-cover__background has-nv-dark-bg-background-color has-background-dim-100 has-background-dim\"><\/span><div class=\"wp-block-cover__inner-container is-layout-flow wp-block-cover-is-layout-flow\">\n<div style=\"height:0px\" aria-hidden=\"true\" class=\"wp-block-spacer\"><\/div>\n\n\n\n<h3 class=\"wp-block-heading has-text-align-center has-nv-text-dark-bg-color has-text-color has-medium-font-size\"><strong>Toma decisiones seguras y respaldadas<br><\/strong>Nuestros peritos analizan tu caso y te ofrecen una soluci\u00f3n precisa y objetiva.<\/h3>\n\n\n\n<div class=\"wp-block-buttons is-horizontal is-content-justification-center is-layout-flex wp-container-core-buttons-is-layout-499968f5 wp-block-buttons-is-layout-flex\">\n<div class=\"wp-block-button\"><a class=\"wp-block-button__link wp-element-button\" href=\"https:\/\/gestacarperitaciones.com\/index.php\/contacto\/\">CONTACTAR<\/a><\/div>\n<\/div>\n\n\n\n<div style=\"height:0px\" aria-hidden=\"true\" class=\"wp-block-spacer\"><\/div>\n<\/div><\/div>\n\n\n\n<p><\/p>\n","protected":false},"excerpt":{"rendered":"","protected":false},"author":2,"featured_media":0,"parent":0,"menu_order":0,"comment_status":"closed","ping_status":"closed","template":"","meta":{"neve_meta_sidebar":"","neve_meta_container":"","neve_meta_enable_content_width":"","neve_meta_content_width":0,"neve_meta_title_alignment":"","neve_meta_author_avatar":"","neve_post_elements_order":"","neve_meta_disable_header":"","neve_meta_disable_footer":"","neve_meta_disable_title":"","_themeisle_gutenberg_block_has_review":false,"_ti_tpc_template_sync":false,"_ti_tpc_template_id":"","footnotes":""},"class_list":["post-487","page","type-page","status-publish","hentry"],"yoast_head":"<!-- This site is optimized with the Yoast SEO plugin v22.3 - https:\/\/yoast.com\/wordpress\/plugins\/seo\/ -->\n<title>Servicios a Particulares - Gestacar Peritaciones<\/title>\n<meta name=\"description\" content=\"Peritaciones de veh\u00edculos para particulares en Alicante. Ofrecemos asesor\u00eda t\u00e9cnica personalizada y valoraci\u00f3n de da\u00f1os para tu veh\u00edculo. Soluciones claras, objetivas y totalmente independientes.\" \/>\n<meta name=\"robots\" content=\"index, follow, max-snippet:-1, max-image-preview:large, max-video-preview:-1\" \/>\n<link rel=\"canonical\" href=\"https:\/\/gestacarperitaciones.com\/index.php\/peritaciones-alicante\/\" \/>\n<meta property=\"og:locale\" content=\"es_ES\" \/>\n<meta property=\"og:type\" content=\"article\" \/>\n<meta property=\"og:title\" content=\"Servicios a Particulares - Gestacar Peritaciones\" \/>\n<meta property=\"og:description\" content=\"Peritaciones de veh\u00edculos para particulares en Alicante. Ofrecemos asesor\u00eda t\u00e9cnica personalizada y valoraci\u00f3n de da\u00f1os para tu veh\u00edculo. Soluciones claras, objetivas y totalmente independientes.\" \/>\n<meta property=\"og:url\" content=\"https:\/\/gestacarperitaciones.com\/index.php\/peritaciones-alicante\/\" \/>\n<meta property=\"og:site_name\" content=\"Gestacar Peritaciones\" \/>\n<meta property=\"article:modified_time\" content=\"2025-08-20T11:12:29+00:00\" \/>\n<meta property=\"og:image\" content=\"https:\/\/gestacarperitaciones.com\/wp-content\/uploads\/2025\/07\/TELEFONO.jpg\" \/>\n<meta name=\"twitter:card\" content=\"summary_large_image\" \/>\n<meta name=\"twitter:label1\" content=\"Tiempo de lectura\" \/>\n\t<meta name=\"twitter:data1\" content=\"1 minuto\" \/>\n<script type=\"application\/ld+json\" class=\"yoast-schema-graph\">{\"@context\":\"https:\/\/schema.org\",\"@graph\":[{\"@type\":\"WebPage\",\"@id\":\"https:\/\/gestacarperitaciones.com\/index.php\/peritaciones-alicante\/\",\"url\":\"https:\/\/gestacarperitaciones.com\/index.php\/peritaciones-alicante\/\",\"name\":\"Servicios a Particulares - Gestacar Peritaciones\",\"isPartOf\":{\"@id\":\"https:\/\/gestacarperitaciones.com\/#website\"},\"primaryImageOfPage\":{\"@id\":\"https:\/\/gestacarperitaciones.com\/index.php\/peritaciones-alicante\/#primaryimage\"},\"image\":{\"@id\":\"https:\/\/gestacarperitaciones.com\/index.php\/peritaciones-alicante\/#primaryimage\"},\"thumbnailUrl\":\"https:\/\/gestacarperitaciones.com\/wp-content\/uploads\/2025\/07\/TELEFONO.jpg\",\"datePublished\":\"2024-03-26T11:03:32+00:00\",\"dateModified\":\"2025-08-20T11:12:29+00:00\",\"description\":\"Peritaciones de veh\u00edculos para particulares en Alicante. Ofrecemos asesor\u00eda t\u00e9cnica personalizada y valoraci\u00f3n de da\u00f1os para tu veh\u00edculo. Soluciones claras, objetivas y totalmente independientes.\",\"breadcrumb\":{\"@id\":\"https:\/\/gestacarperitaciones.com\/index.php\/peritaciones-alicante\/#breadcrumb\"},\"inLanguage\":\"es\",\"potentialAction\":[{\"@type\":\"ReadAction\",\"target\":[\"https:\/\/gestacarperitaciones.com\/index.php\/peritaciones-alicante\/\"]}]},{\"@type\":\"ImageObject\",\"inLanguage\":\"es\",\"@id\":\"https:\/\/gestacarperitaciones.com\/index.php\/peritaciones-alicante\/#primaryimage\",\"url\":\"https:\/\/gestacarperitaciones.com\/wp-content\/uploads\/2025\/07\/TELEFONO.jpg\",\"contentUrl\":\"https:\/\/gestacarperitaciones.com\/wp-content\/uploads\/2025\/07\/TELEFONO.jpg\",\"width\":482,\"height\":287},{\"@type\":\"BreadcrumbList\",\"@id\":\"https:\/\/gestacarperitaciones.com\/index.php\/peritaciones-alicante\/#breadcrumb\",\"itemListElement\":[{\"@type\":\"ListItem\",\"position\":1,\"name\":\"Portada\",\"item\":\"https:\/\/gestacarperitaciones.com\/\"},{\"@type\":\"ListItem\",\"position\":2,\"name\":\"Servicios a Particulares\"}]},{\"@type\":\"WebSite\",\"@id\":\"https:\/\/gestacarperitaciones.com\/#website\",\"url\":\"https:\/\/gestacarperitaciones.com\/\",\"name\":\"Gestacar Peritaciones\",\"description\":\"Gestacar Peritaciones\",\"publisher\":{\"@id\":\"https:\/\/gestacarperitaciones.com\/#organization\"},\"potentialAction\":[{\"@type\":\"SearchAction\",\"target\":{\"@type\":\"EntryPoint\",\"urlTemplate\":\"https:\/\/gestacarperitaciones.com\/?s={search_term_string}\"},\"query-input\":\"required name=search_term_string\"}],\"inLanguage\":\"es\"},{\"@type\":\"Organization\",\"@id\":\"https:\/\/gestacarperitaciones.com\/#organization\",\"name\":\"Gestacar Peritaciones\",\"url\":\"https:\/\/gestacarperitaciones.com\/\",\"logo\":{\"@type\":\"ImageObject\",\"inLanguage\":\"es\",\"@id\":\"https:\/\/gestacarperitaciones.com\/#\/schema\/logo\/image\/\",\"url\":\"https:\/\/gestacarperitaciones.com\/wp-content\/uploads\/2024\/03\/cropped-LOGO_GESTACAR_DEFINITIVO-negro-sin-fondo.png\",\"contentUrl\":\"https:\/\/gestacarperitaciones.com\/wp-content\/uploads\/2024\/03\/cropped-LOGO_GESTACAR_DEFINITIVO-negro-sin-fondo.png\",\"width\":1079,\"height\":359,\"caption\":\"Gestacar Peritaciones\"},\"image\":{\"@id\":\"https:\/\/gestacarperitaciones.com\/#\/schema\/logo\/image\/\"}}]}<\/script>\n<!-- \/ Yoast SEO plugin. -->","yoast_head_json":{"title":"Servicios a Particulares - Gestacar Peritaciones","description":"Peritaciones de veh\u00edculos para particulares en Alicante. Ofrecemos asesor\u00eda t\u00e9cnica personalizada y valoraci\u00f3n de da\u00f1os para tu veh\u00edculo. Soluciones claras, objetivas y totalmente independientes.","robots":{"index":"index","follow":"follow","max-snippet":"max-snippet:-1","max-image-preview":"max-image-preview:large","max-video-preview":"max-video-preview:-1"},"canonical":"https:\/\/gestacarperitaciones.com\/index.php\/peritaciones-alicante\/","og_locale":"es_ES","og_type":"article","og_title":"Servicios a Particulares - Gestacar Peritaciones","og_description":"Peritaciones de veh\u00edculos para particulares en Alicante. Ofrecemos asesor\u00eda t\u00e9cnica personalizada y valoraci\u00f3n de da\u00f1os para tu veh\u00edculo. Soluciones claras, objetivas y totalmente independientes.","og_url":"https:\/\/gestacarperitaciones.com\/index.php\/peritaciones-alicante\/","og_site_name":"Gestacar Peritaciones","article_modified_time":"2025-08-20T11:12:29+00:00","og_image":[{"url":"https:\/\/gestacarperitaciones.com\/wp-content\/uploads\/2025\/07\/TELEFONO.jpg"}],"twitter_card":"summary_large_image","twitter_misc":{"Tiempo de lectura":"1 minuto"},"schema":{"@context":"https:\/\/schema.org","@graph":[{"@type":"WebPage","@id":"https:\/\/gestacarperitaciones.com\/index.php\/peritaciones-alicante\/","url":"https:\/\/gestacarperitaciones.com\/index.php\/peritaciones-alicante\/","name":"Servicios a Particulares - Gestacar Peritaciones","isPartOf":{"@id":"https:\/\/gestacarperitaciones.com\/#website"},"primaryImageOfPage":{"@id":"https:\/\/gestacarperitaciones.com\/index.php\/peritaciones-alicante\/#primaryimage"},"image":{"@id":"https:\/\/gestacarperitaciones.com\/index.php\/peritaciones-alicante\/#primaryimage"},"thumbnailUrl":"https:\/\/gestacarperitaciones.com\/wp-content\/uploads\/2025\/07\/TELEFONO.jpg","datePublished":"2024-03-26T11:03:32+00:00","dateModified":"2025-08-20T11:12:29+00:00","description":"Peritaciones de veh\u00edculos para particulares en Alicante. Ofrecemos asesor\u00eda t\u00e9cnica personalizada y valoraci\u00f3n de da\u00f1os para tu veh\u00edculo. Soluciones claras, objetivas y totalmente independientes.","breadcrumb":{"@id":"https:\/\/gestacarperitaciones.com\/index.php\/peritaciones-alicante\/#breadcrumb"},"inLanguage":"es","potentialAction":[{"@type":"ReadAction","target":["https:\/\/gestacarperitaciones.com\/index.php\/peritaciones-alicante\/"]}]},{"@type":"ImageObject","inLanguage":"es","@id":"https:\/\/gestacarperitaciones.com\/index.php\/peritaciones-alicante\/#primaryimage","url":"https:\/\/gestacarperitaciones.com\/wp-content\/uploads\/2025\/07\/TELEFONO.jpg","contentUrl":"https:\/\/gestacarperitaciones.com\/wp-content\/uploads\/2025\/07\/TELEFONO.jpg","width":482,"height":287},{"@type":"BreadcrumbList","@id":"https:\/\/gestacarperitaciones.com\/index.php\/peritaciones-alicante\/#breadcrumb","itemListElement":[{"@type":"ListItem","position":1,"name":"Portada","item":"https:\/\/gestacarperitaciones.com\/"},{"@type":"ListItem","position":2,"name":"Servicios a Particulares"}]},{"@type":"WebSite","@id":"https:\/\/gestacarperitaciones.com\/#website","url":"https:\/\/gestacarperitaciones.com\/","name":"Gestacar Peritaciones","description":"Gestacar Peritaciones","publisher":{"@id":"https:\/\/gestacarperitaciones.com\/#organization"},"potentialAction":[{"@type":"SearchAction","target":{"@type":"EntryPoint","urlTemplate":"https:\/\/gestacarperitaciones.com\/?s={search_term_string}"},"query-input":"required name=search_term_string"}],"inLanguage":"es"},{"@type":"Organization","@id":"https:\/\/gestacarperitaciones.com\/#organization","name":"Gestacar Peritaciones","url":"https:\/\/gestacarperitaciones.com\/","logo":{"@type":"ImageObject","inLanguage":"es","@id":"https:\/\/gestacarperitaciones.com\/#\/schema\/logo\/image\/","url":"https:\/\/gestacarperitaciones.com\/wp-content\/uploads\/2024\/03\/cropped-LOGO_GESTACAR_DEFINITIVO-negro-sin-fondo.png","contentUrl":"https:\/\/gestacarperitaciones.com\/wp-content\/uploads\/2024\/03\/cropped-LOGO_GESTACAR_DEFINITIVO-negro-sin-fondo.png","width":1079,"height":359,"caption":"Gestacar Peritaciones"},"image":{"@id":"https:\/\/gestacarperitaciones.com\/#\/schema\/logo\/image\/"}}]}},"_links":{"self":[{"href":"https:\/\/gestacarperitaciones.com\/index.php\/wp-json\/wp\/v2\/pages\/487","targetHints":{"allow":["GET"]}}],"collection":[{"href":"https:\/\/gestacarperitaciones.com\/index.php\/wp-json\/wp\/v2\/pages"}],"about":[{"href":"https:\/\/gestacarperitaciones.com\/index.php\/wp-json\/wp\/v2\/types\/page"}],"author":[{"embeddable":true,"href":"https:\/\/gestacarperitaciones.com\/index.php\/wp-json\/wp\/v2\/users\/2"}],"replies":[{"embeddable":true,"href":"https:\/\/gestacarperitaciones.com\/index.php\/wp-json\/wp\/v2\/comments?post=487"}],"version-history":[{"count":67,"href":"https:\/\/gestacarperitaciones.com\/index.php\/wp-json\/wp\/v2\/pages\/487\/revisions"}],"predecessor-version":[{"id":976,"href":"https:\/\/gestacarperitaciones.com\/index.php\/wp-json\/wp\/v2\/pages\/487\/revisions\/976"}],"wp:attachment":[{"href":"https:\/\/gestacarperitaciones.com\/index.php\/wp-json\/wp\/v2\/media?parent=487"}],"curies":[{"name":"wp","href":"https:\/\/api.w.org\/{rel}","templated":true}]}}