{"id":61,"date":"2020-01-23T18:21:52","date_gmt":"2020-01-23T18:21:52","guid":{"rendered":"https:\/\/demosites.io\/web-agency-gb\/?page_id=61"},"modified":"2025-08-20T11:00:55","modified_gmt":"2025-08-20T11:00:55","slug":"gestacar","status":"publish","type":"page","link":"https:\/\/gestacarperitaciones.com\/index.php\/gestacar\/","title":{"rendered":"Gestacar"},"content":{"rendered":"\n<div class=\"wp-block-cover alignfull\" style=\"min-height:127px;aspect-ratio:unset;\"><span aria-hidden=\"true\" class=\"wp-block-cover__background has-nv-site-bg-background-color has-background-dim-100 has-background-dim\"><\/span><div class=\"wp-block-cover__inner-container is-layout-flow wp-block-cover-is-layout-flow\">\n<div class=\"wp-block-group\"><div class=\"wp-block-group__inner-container is-layout-flow wp-block-group-is-layout-flow\">\n<h2 class=\"wp-block-heading has-text-align-left has-neve-text-color-color has-text-color\">Sobre nosotros<\/h2>\n<\/div><\/div>\n<\/div><\/div>\n\n\n\n<div class=\"wp-block-cover alignfull\" style=\"min-height:611px;aspect-ratio:unset;\"><span aria-hidden=\"true\" class=\"wp-block-cover__background has-nv-light-bg-background-color has-background-dim-100 has-background-dim\"><\/span><div class=\"wp-block-cover__inner-container is-layout-flow wp-block-cover-is-layout-flow\">\n<div class=\"wp-block-group\"><div class=\"wp-block-group__inner-container is-layout-flow wp-block-group-is-layout-flow\">\n<div style=\"height:80px\" aria-hidden=\"true\" class=\"wp-block-spacer\"><\/div>\n\n\n\n<div class=\"wp-block-columns are-vertically-aligned-center has-neve-text-color-color has-text-color is-layout-flex wp-container-core-columns-is-layout-9d6595d7 wp-block-columns-is-layout-flex\">\n<div class=\"wp-block-column is-vertically-aligned-center is-layout-flow wp-block-column-is-layout-flow\" style=\"flex-basis:50%\">\n<figure class=\"wp-block-image size-full\"><img fetchpriority=\"high\" decoding=\"async\" width=\"1269\" height=\"737\" src=\"https:\/\/gestacarperitaciones.com\/wp-content\/uploads\/2024\/03\/The-Road-Background-PNG-Image.png\" alt=\"\" class=\"wp-image-389\" srcset=\"https:\/\/gestacarperitaciones.com\/wp-content\/uploads\/2024\/03\/The-Road-Background-PNG-Image.png 1269w, https:\/\/gestacarperitaciones.com\/wp-content\/uploads\/2024\/03\/The-Road-Background-PNG-Image-300x174.png 300w, https:\/\/gestacarperitaciones.com\/wp-content\/uploads\/2024\/03\/The-Road-Background-PNG-Image-1024x595.png 1024w, https:\/\/gestacarperitaciones.com\/wp-content\/uploads\/2024\/03\/The-Road-Background-PNG-Image-768x446.png 768w\" sizes=\"(max-width: 1269px) 100vw, 1269px\" \/><\/figure>\n<\/div>\n\n\n\n<div class=\"wp-block-column is-vertically-aligned-center is-layout-flow wp-block-column-is-layout-flow\" style=\"flex-basis:50%\">\n<h2 class=\"wp-block-heading has-neve-text-color-color has-text-color\">Nuestra historia<\/h2>\n\n\n\n<p class=\"has-neve-text-color-color has-text-color\">Gestacar Peritaciones fue fundada en&nbsp;<strong>Alicante<\/strong>&nbsp;por Mariano Gonz\u00e1lez Barrios cuando ya contaba con m\u00e1s de 20 a\u00f1os de experiencia en el sector del Autom\u00f3vil. La empresa nace en 2013 con la intenci\u00f3n de cubrir todas las necesidades relativas a la <strong>peritaci\u00f3n <\/strong>y&nbsp;<strong>gesti\u00f3n de flotas<\/strong>&nbsp;de los Rent a cars y marcas de&nbsp;<strong>veh\u00edculos<\/strong>. En este recorrido seguimos evolucionado y ampliado nuestra oferta de <strong>servicios<\/strong> enfocados en <strong>B2B<\/strong>. <\/p>\n<\/div>\n<\/div>\n\n\n\n<div style=\"height:40px\" aria-hidden=\"true\" class=\"wp-block-spacer\"><\/div>\n<\/div><\/div>\n<\/div><\/div>\n\n\n\n<div class=\"wp-block-cover alignfull\" style=\"min-height:675px;aspect-ratio:unset;\"><span aria-hidden=\"true\" class=\"wp-block-cover__background has-nv-dark-bg-background-color has-background-dim-100 has-background-dim\"><\/span><div class=\"wp-block-cover__inner-container is-layout-flow wp-block-cover-is-layout-flow\">\n<div class=\"wp-block-group\"><div class=\"wp-block-group__inner-container is-layout-flow wp-block-group-is-layout-flow\">\n<div style=\"height:80px\" aria-hidden=\"true\" class=\"wp-block-spacer\"><\/div>\n\n\n\n<div class=\"wp-block-columns are-vertically-aligned-center is-layout-flex wp-container-core-columns-is-layout-9d6595d7 wp-block-columns-is-layout-flex\">\n<div class=\"wp-block-column is-vertically-aligned-center is-layout-flow wp-block-column-is-layout-flow\" style=\"flex-basis:50%\">\n<h2 class=\"wp-block-heading has-nv-text-dark-bg-color has-text-color\">Nuestra misi\u00f3n<\/h2>\n\n\n\n<p class=\"has-nv-text-dark-bg-color has-text-color\">Somos un gabinete t\u00e9cnico profesional de peritos expertos y gestores administrativos especializados en la automoci\u00f3n. Ofrecemos nuestros servicios a empresas de rent a cars, rentings, marcas, aseguradoras y&nbsp;compa\u00f1\u00edas de automoci\u00f3n que buscan la gesti\u00f3n m\u00e1s eficiente y personalizada de su flota de veh\u00edculos.<\/p>\n\n\n\n<p class=\"has-nv-site-bg-color has-text-color has-link-color wp-elements-5376741b12bf1e8a075a4925c9e3cfcb\">Facilitamos el trabajo a nuestro cliente, ofrecemos servicios de calidad,  solucionamos los problemas inherentes a cada actividad durante el proceso reduciendo tiempos y costes.<\/p>\n\n\n\n<p class=\"has-nv-site-bg-color has-text-color has-link-color wp-elements-9ff5989645e78d6d7c6f6e9b913aa231\">Defendemos sus intereses en las relaciones comerciales y nos regimos por estrictas normas \u00e9ticas y de confidencialidad por los intereses de los clientes que depositan su confianza en nosotros.<\/p>\n<\/div>\n\n\n\n<div class=\"wp-block-column is-vertically-aligned-center is-layout-flow wp-block-column-is-layout-flow\" style=\"flex-basis:50%\">\n<figure class=\"wp-block-image size-large is-resized\"><img decoding=\"async\" width=\"1024\" height=\"700\" src=\"https:\/\/gestacarperitaciones.com\/wp-content\/uploads\/2024\/03\/enegocios-grupodenegocios.co_-1-1024x700.jpg\" alt=\"\" class=\"wp-image-532\" style=\"width:584px;height:auto\" srcset=\"https:\/\/gestacarperitaciones.com\/wp-content\/uploads\/2024\/03\/enegocios-grupodenegocios.co_-1-1024x700.jpg 1024w, https:\/\/gestacarperitaciones.com\/wp-content\/uploads\/2024\/03\/enegocios-grupodenegocios.co_-1-300x205.jpg 300w, https:\/\/gestacarperitaciones.com\/wp-content\/uploads\/2024\/03\/enegocios-grupodenegocios.co_-1-768x525.jpg 768w, https:\/\/gestacarperitaciones.com\/wp-content\/uploads\/2024\/03\/enegocios-grupodenegocios.co_-1.jpg 1170w\" sizes=\"(max-width: 1024px) 100vw, 1024px\" \/><\/figure>\n<\/div>\n<\/div>\n\n\n\n<div style=\"height:1px\" aria-hidden=\"true\" class=\"wp-block-spacer\"><\/div>\n<\/div><\/div>\n<\/div><\/div>\n\n\n\n<div class=\"wp-block-cover alignfull\" style=\"min-height:494px;aspect-ratio:unset;\"><span aria-hidden=\"true\" class=\"wp-block-cover__background has-nv-site-bg-background-color has-background-dim-100 has-background-dim\"><\/span><div class=\"wp-block-cover__inner-container is-layout-flow wp-block-cover-is-layout-flow\">\n<div style=\"height:39px\" aria-hidden=\"true\" class=\"wp-block-spacer\"><\/div>\n\n\n\n<div class=\"wp-block-columns is-layout-flex wp-container-core-columns-is-layout-9d6595d7 wp-block-columns-is-layout-flex\">\n<div class=\"wp-block-column ticss-4ce656f1 is-layout-flow wp-block-column-is-layout-flow\">\n<figure class=\"wp-block-image size-large icon-style is-style-rounded\"><img decoding=\"async\" src=\"https:\/\/gestacarperitaciones.com\/wp-content\/uploads\/2020\/01\/neve-webdesign-GB-03.png\" alt=\"\" class=\"wp-image-20\"\/><\/figure>\n\n\n\n<div style=\"height:24px\" aria-hidden=\"true\" class=\"wp-block-spacer\"><\/div>\n\n\n\n<h3 class=\"wp-block-heading has-text-align-left has-text-align-center has-neve-text-color-color has-text-color\">Experiencia<\/h3>\n\n\n\n<p class=\"has-text-align-left has-neve-text-color-color has-text-color\" style=\"font-size:15px\">Contar con Gestacar es contar con un equipo de t\u00e9cnicos y gestores formados, con una larga trayectoria en el sector de la automoci\u00f3n lo que garantiza la calidad en el trabajo reduciendo los plazos y garantizando el \u00e9xito.        <\/p>\n\n\n\n<div style=\"height:20px\" aria-hidden=\"true\" class=\"wp-block-spacer\"><\/div>\n<\/div>\n\n\n\n<div class=\"wp-block-column ticss-f6fc7494 is-layout-flow wp-block-column-is-layout-flow\">\n<figure class=\"wp-block-image size-large icon-style is-style-rounded\"><img decoding=\"async\" src=\"https:\/\/gestacarperitaciones.com\/wp-content\/uploads\/2020\/01\/neve-webdesign-GB-03.png\" alt=\"\" class=\"wp-image-20\"\/><\/figure>\n\n\n\n<div style=\"height:24px\" aria-hidden=\"true\" class=\"wp-block-spacer\"><\/div>\n\n\n\n<h3 class=\"wp-block-heading has-text-align-left has-text-align-center has-neve-text-color-color has-text-color\">Atenci\u00f3n al cliente<\/h3>\n\n\n\n<p class=\"has-text-align-left has-neve-text-color-color has-text-color\" style=\"font-size:15px\">Cumplimos los plazos acordados y nuestra atenci\u00f3n al cliente marca la diferencia. Siempre estamos disponibles v\u00eda telef\u00f3nica, por correo electr\u00f3nico o presencialmente para gestionar, atender y solucionar cualquier necesidad garantizando que nuestro cliente siempre est\u00e9 satisfecho y atendido como se merece.<\/p>\n<\/div>\n\n\n\n<div class=\"wp-block-column ticss-a5b4df29 is-layout-flow wp-block-column-is-layout-flow\">\n<figure class=\"wp-block-image size-large icon-style is-style-rounded\"><img decoding=\"async\" src=\"https:\/\/gestacarperitaciones.com\/wp-content\/uploads\/2020\/01\/neve-webdesign-GB-03.png\" alt=\"\" class=\"wp-image-20\"\/><\/figure>\n\n\n\n<div style=\"height:24px\" aria-hidden=\"true\" class=\"wp-block-spacer\"><\/div>\n\n\n\n<h3 class=\"wp-block-heading has-text-align-left has-text-align-center has-neve-text-color-color has-text-color\">Confianza y Seguridad<\/h3>\n\n\n\n<p class=\"has-text-align-left has-neve-text-color-color has-text-color\" style=\"font-size:15px\">Las cifras y los buenos resultados siempre nos avalan.&nbsp; Trabajar con Gestacar es ya sin\u00f3nimo de seguridad y confianza. Nuestro compromiso y dedicaci\u00f3n es total en los proyectos de nuestros clientes porque nuestra forma de crecer es juntos.<\/p>\n\n\n\n<div style=\"height:20px\" aria-hidden=\"true\" class=\"wp-block-spacer\"><\/div>\n<\/div>\n<\/div>\n\n\n\n<div style=\"height:0px\" aria-hidden=\"true\" class=\"wp-block-spacer\"><\/div>\n<\/div><\/div>\n\n\n\n<div id=\"wp-block-themeisle-blocks-button-group-3a00a347\" class=\"wp-block-themeisle-blocks-button-group wp-block-buttons align-center-desktop\">\n<div id=\"wp-block-themeisle-blocks-button-fb3b31d4\" class=\"wp-block-themeisle-blocks-button wp-block-button\"><a href=\"https:\/\/gestacarperitaciones.com\/index.php\/contacto\/\" target=\"_self\" rel=\"noopener noreferrer\" class=\"wp-block-button__link\"><span>Hablar con nosotros<\/span><\/a><\/div>\n\n\n\n<div id=\"wp-block-themeisle-blocks-button-4d230cf0\" class=\"wp-block-themeisle-blocks-button wp-block-button\"><a href=\"https:\/\/gestacarperitaciones.com\/index.php\" target=\"_self\" rel=\"noopener noreferrer\" class=\"wp-block-button__link\"><span>Inicio<\/span><\/a><\/div>\n<\/div>\n\n\n\n<p><\/p>\n","protected":false},"excerpt":{"rendered":"","protected":false},"author":2,"featured_media":0,"parent":0,"menu_order":0,"comment_status":"closed","ping_status":"closed","template":"","meta":{"neve_meta_sidebar":"default","neve_meta_container":"default","neve_meta_enable_content_width":"on","neve_meta_content_width":100,"neve_meta_title_alignment":"","neve_meta_author_avatar":"","neve_post_elements_order":"","neve_meta_disable_header":"","neve_meta_disable_footer":"","neve_meta_disable_title":"on","_themeisle_gutenberg_block_has_review":false,"_ti_tpc_template_sync":false,"_ti_tpc_template_id":"eex7gnweb2m8vo93cr1g","footnotes":""},"class_list":["post-61","page","type-page","status-publish","hentry"],"yoast_head":"<!-- This site is optimized with the Yoast SEO plugin v22.3 - https:\/\/yoast.com\/wordpress\/plugins\/seo\/ -->\n<title>Gestacar - Gestacar Peritaciones<\/title>\n<meta name=\"description\" content=\"Gestacar Peritaciones fue fundada en\u00a0Alicante\u00a0por Mariano Gonz\u00e1lez Barrios cuando ya contaba con m\u00e1s de 20 a\u00f1os de experiencia en el sector del Autom\u00f3vil. La empresa nace en 2013 con la intenci\u00f3n de cubrir todas las necesidades relativas a la peritaci\u00f3n y\u00a0gesti\u00f3n de flotas\u00a0de los Rent a cars y marcas de\u00a0veh\u00edculos. En este recorrido seguimos evolucionado y ampliado nuestra oferta de servicios enfocados en B2B.\" \/>\n<meta name=\"robots\" content=\"index, follow, max-snippet:-1, max-image-preview:large, max-video-preview:-1\" \/>\n<link rel=\"canonical\" href=\"https:\/\/gestacarperitaciones.com\/index.php\/gestacar\/\" \/>\n<meta property=\"og:locale\" content=\"es_ES\" \/>\n<meta property=\"og:type\" content=\"article\" \/>\n<meta property=\"og:title\" content=\"Gestacar - Gestacar Peritaciones\" \/>\n<meta property=\"og:description\" content=\"Gestacar Peritaciones fue fundada en\u00a0Alicante\u00a0por Mariano Gonz\u00e1lez Barrios cuando ya contaba con m\u00e1s de 20 a\u00f1os de experiencia en el sector del Autom\u00f3vil. La empresa nace en 2013 con la intenci\u00f3n de cubrir todas las necesidades relativas a la peritaci\u00f3n y\u00a0gesti\u00f3n de flotas\u00a0de los Rent a cars y marcas de\u00a0veh\u00edculos. En este recorrido seguimos evolucionado y ampliado nuestra oferta de servicios enfocados en B2B.\" \/>\n<meta property=\"og:url\" content=\"https:\/\/gestacarperitaciones.com\/index.php\/gestacar\/\" \/>\n<meta property=\"og:site_name\" content=\"Gestacar Peritaciones\" \/>\n<meta property=\"article:modified_time\" content=\"2025-08-20T11:00:55+00:00\" \/>\n<meta property=\"og:image\" content=\"https:\/\/gestacarperitaciones.com\/wp-content\/uploads\/2024\/03\/The-Road-Background-PNG-Image.png\" \/>\n<meta name=\"twitter:card\" content=\"summary_large_image\" \/>\n<meta name=\"twitter:label1\" content=\"Tiempo de lectura\" \/>\n\t<meta name=\"twitter:data1\" content=\"3 minutos\" \/>\n<script type=\"application\/ld+json\" class=\"yoast-schema-graph\">{\"@context\":\"https:\/\/schema.org\",\"@graph\":[{\"@type\":\"WebPage\",\"@id\":\"https:\/\/gestacarperitaciones.com\/index.php\/gestacar\/\",\"url\":\"https:\/\/gestacarperitaciones.com\/index.php\/gestacar\/\",\"name\":\"Gestacar - Gestacar Peritaciones\",\"isPartOf\":{\"@id\":\"https:\/\/gestacarperitaciones.com\/#website\"},\"primaryImageOfPage\":{\"@id\":\"https:\/\/gestacarperitaciones.com\/index.php\/gestacar\/#primaryimage\"},\"image\":{\"@id\":\"https:\/\/gestacarperitaciones.com\/index.php\/gestacar\/#primaryimage\"},\"thumbnailUrl\":\"https:\/\/gestacarperitaciones.com\/wp-content\/uploads\/2024\/03\/The-Road-Background-PNG-Image.png\",\"datePublished\":\"2020-01-23T18:21:52+00:00\",\"dateModified\":\"2025-08-20T11:00:55+00:00\",\"description\":\"Gestacar Peritaciones fue fundada en\u00a0Alicante\u00a0por Mariano Gonz\u00e1lez Barrios cuando ya contaba con m\u00e1s de 20 a\u00f1os de experiencia en el sector del Autom\u00f3vil. La empresa nace en 2013 con la intenci\u00f3n de cubrir todas las necesidades relativas a la peritaci\u00f3n y\u00a0gesti\u00f3n de flotas\u00a0de los Rent a cars y marcas de\u00a0veh\u00edculos. En este recorrido seguimos evolucionado y ampliado nuestra oferta de servicios enfocados en B2B.\",\"breadcrumb\":{\"@id\":\"https:\/\/gestacarperitaciones.com\/index.php\/gestacar\/#breadcrumb\"},\"inLanguage\":\"es\",\"potentialAction\":[{\"@type\":\"ReadAction\",\"target\":[\"https:\/\/gestacarperitaciones.com\/index.php\/gestacar\/\"]}]},{\"@type\":\"ImageObject\",\"inLanguage\":\"es\",\"@id\":\"https:\/\/gestacarperitaciones.com\/index.php\/gestacar\/#primaryimage\",\"url\":\"https:\/\/gestacarperitaciones.com\/wp-content\/uploads\/2024\/03\/The-Road-Background-PNG-Image.png\",\"contentUrl\":\"https:\/\/gestacarperitaciones.com\/wp-content\/uploads\/2024\/03\/The-Road-Background-PNG-Image.png\",\"width\":1269,\"height\":737},{\"@type\":\"BreadcrumbList\",\"@id\":\"https:\/\/gestacarperitaciones.com\/index.php\/gestacar\/#breadcrumb\",\"itemListElement\":[{\"@type\":\"ListItem\",\"position\":1,\"name\":\"Portada\",\"item\":\"https:\/\/gestacarperitaciones.com\/\"},{\"@type\":\"ListItem\",\"position\":2,\"name\":\"Gestacar\"}]},{\"@type\":\"WebSite\",\"@id\":\"https:\/\/gestacarperitaciones.com\/#website\",\"url\":\"https:\/\/gestacarperitaciones.com\/\",\"name\":\"Gestacar Peritaciones\",\"description\":\"Gestacar Peritaciones\",\"publisher\":{\"@id\":\"https:\/\/gestacarperitaciones.com\/#organization\"},\"potentialAction\":[{\"@type\":\"SearchAction\",\"target\":{\"@type\":\"EntryPoint\",\"urlTemplate\":\"https:\/\/gestacarperitaciones.com\/?s={search_term_string}\"},\"query-input\":\"required name=search_term_string\"}],\"inLanguage\":\"es\"},{\"@type\":\"Organization\",\"@id\":\"https:\/\/gestacarperitaciones.com\/#organization\",\"name\":\"Gestacar Peritaciones\",\"url\":\"https:\/\/gestacarperitaciones.com\/\",\"logo\":{\"@type\":\"ImageObject\",\"inLanguage\":\"es\",\"@id\":\"https:\/\/gestacarperitaciones.com\/#\/schema\/logo\/image\/\",\"url\":\"https:\/\/gestacarperitaciones.com\/wp-content\/uploads\/2024\/03\/cropped-LOGO_GESTACAR_DEFINITIVO-negro-sin-fondo.png\",\"contentUrl\":\"https:\/\/gestacarperitaciones.com\/wp-content\/uploads\/2024\/03\/cropped-LOGO_GESTACAR_DEFINITIVO-negro-sin-fondo.png\",\"width\":1079,\"height\":359,\"caption\":\"Gestacar Peritaciones\"},\"image\":{\"@id\":\"https:\/\/gestacarperitaciones.com\/#\/schema\/logo\/image\/\"}}]}<\/script>\n<!-- \/ Yoast SEO plugin. -->","yoast_head_json":{"title":"Gestacar - Gestacar Peritaciones","description":"Gestacar Peritaciones fue fundada en\u00a0Alicante\u00a0por Mariano Gonz\u00e1lez Barrios cuando ya contaba con m\u00e1s de 20 a\u00f1os de experiencia en el sector del Autom\u00f3vil. La empresa nace en 2013 con la intenci\u00f3n de cubrir todas las necesidades relativas a la peritaci\u00f3n y\u00a0gesti\u00f3n de flotas\u00a0de los Rent a cars y marcas de\u00a0veh\u00edculos. En este recorrido seguimos evolucionado y ampliado nuestra oferta de servicios enfocados en B2B.","robots":{"index":"index","follow":"follow","max-snippet":"max-snippet:-1","max-image-preview":"max-image-preview:large","max-video-preview":"max-video-preview:-1"},"canonical":"https:\/\/gestacarperitaciones.com\/index.php\/gestacar\/","og_locale":"es_ES","og_type":"article","og_title":"Gestacar - Gestacar Peritaciones","og_description":"Gestacar Peritaciones fue fundada en\u00a0Alicante\u00a0por Mariano Gonz\u00e1lez Barrios cuando ya contaba con m\u00e1s de 20 a\u00f1os de experiencia en el sector del Autom\u00f3vil. La empresa nace en 2013 con la intenci\u00f3n de cubrir todas las necesidades relativas a la peritaci\u00f3n y\u00a0gesti\u00f3n de flotas\u00a0de los Rent a cars y marcas de\u00a0veh\u00edculos. En este recorrido seguimos evolucionado y ampliado nuestra oferta de servicios enfocados en B2B.","og_url":"https:\/\/gestacarperitaciones.com\/index.php\/gestacar\/","og_site_name":"Gestacar Peritaciones","article_modified_time":"2025-08-20T11:00:55+00:00","og_image":[{"url":"https:\/\/gestacarperitaciones.com\/wp-content\/uploads\/2024\/03\/The-Road-Background-PNG-Image.png"}],"twitter_card":"summary_large_image","twitter_misc":{"Tiempo de lectura":"3 minutos"},"schema":{"@context":"https:\/\/schema.org","@graph":[{"@type":"WebPage","@id":"https:\/\/gestacarperitaciones.com\/index.php\/gestacar\/","url":"https:\/\/gestacarperitaciones.com\/index.php\/gestacar\/","name":"Gestacar - Gestacar Peritaciones","isPartOf":{"@id":"https:\/\/gestacarperitaciones.com\/#website"},"primaryImageOfPage":{"@id":"https:\/\/gestacarperitaciones.com\/index.php\/gestacar\/#primaryimage"},"image":{"@id":"https:\/\/gestacarperitaciones.com\/index.php\/gestacar\/#primaryimage"},"thumbnailUrl":"https:\/\/gestacarperitaciones.com\/wp-content\/uploads\/2024\/03\/The-Road-Background-PNG-Image.png","datePublished":"2020-01-23T18:21:52+00:00","dateModified":"2025-08-20T11:00:55+00:00","description":"Gestacar Peritaciones fue fundada en\u00a0Alicante\u00a0por Mariano Gonz\u00e1lez Barrios cuando ya contaba con m\u00e1s de 20 a\u00f1os de experiencia en el sector del Autom\u00f3vil. La empresa nace en 2013 con la intenci\u00f3n de cubrir todas las necesidades relativas a la peritaci\u00f3n y\u00a0gesti\u00f3n de flotas\u00a0de los Rent a cars y marcas de\u00a0veh\u00edculos. En este recorrido seguimos evolucionado y ampliado nuestra oferta de servicios enfocados en B2B.","breadcrumb":{"@id":"https:\/\/gestacarperitaciones.com\/index.php\/gestacar\/#breadcrumb"},"inLanguage":"es","potentialAction":[{"@type":"ReadAction","target":["https:\/\/gestacarperitaciones.com\/index.php\/gestacar\/"]}]},{"@type":"ImageObject","inLanguage":"es","@id":"https:\/\/gestacarperitaciones.com\/index.php\/gestacar\/#primaryimage","url":"https:\/\/gestacarperitaciones.com\/wp-content\/uploads\/2024\/03\/The-Road-Background-PNG-Image.png","contentUrl":"https:\/\/gestacarperitaciones.com\/wp-content\/uploads\/2024\/03\/The-Road-Background-PNG-Image.png","width":1269,"height":737},{"@type":"BreadcrumbList","@id":"https:\/\/gestacarperitaciones.com\/index.php\/gestacar\/#breadcrumb","itemListElement":[{"@type":"ListItem","position":1,"name":"Portada","item":"https:\/\/gestacarperitaciones.com\/"},{"@type":"ListItem","position":2,"name":"Gestacar"}]},{"@type":"WebSite","@id":"https:\/\/gestacarperitaciones.com\/#website","url":"https:\/\/gestacarperitaciones.com\/","name":"Gestacar Peritaciones","description":"Gestacar Peritaciones","publisher":{"@id":"https:\/\/gestacarperitaciones.com\/#organization"},"potentialAction":[{"@type":"SearchAction","target":{"@type":"EntryPoint","urlTemplate":"https:\/\/gestacarperitaciones.com\/?s={search_term_string}"},"query-input":"required name=search_term_string"}],"inLanguage":"es"},{"@type":"Organization","@id":"https:\/\/gestacarperitaciones.com\/#organization","name":"Gestacar Peritaciones","url":"https:\/\/gestacarperitaciones.com\/","logo":{"@type":"ImageObject","inLanguage":"es","@id":"https:\/\/gestacarperitaciones.com\/#\/schema\/logo\/image\/","url":"https:\/\/gestacarperitaciones.com\/wp-content\/uploads\/2024\/03\/cropped-LOGO_GESTACAR_DEFINITIVO-negro-sin-fondo.png","contentUrl":"https:\/\/gestacarperitaciones.com\/wp-content\/uploads\/2024\/03\/cropped-LOGO_GESTACAR_DEFINITIVO-negro-sin-fondo.png","width":1079,"height":359,"caption":"Gestacar Peritaciones"},"image":{"@id":"https:\/\/gestacarperitaciones.com\/#\/schema\/logo\/image\/"}}]}},"_links":{"self":[{"href":"https:\/\/gestacarperitaciones.com\/index.php\/wp-json\/wp\/v2\/pages\/61","targetHints":{"allow":["GET"]}}],"collection":[{"href":"https:\/\/gestacarperitaciones.com\/index.php\/wp-json\/wp\/v2\/pages"}],"about":[{"href":"https:\/\/gestacarperitaciones.com\/index.php\/wp-json\/wp\/v2\/types\/page"}],"author":[{"embeddable":true,"href":"https:\/\/gestacarperitaciones.com\/index.php\/wp-json\/wp\/v2\/users\/2"}],"replies":[{"embeddable":true,"href":"https:\/\/gestacarperitaciones.com\/index.php\/wp-json\/wp\/v2\/comments?post=61"}],"version-history":[{"count":17,"href":"https:\/\/gestacarperitaciones.com\/index.php\/wp-json\/wp\/v2\/pages\/61\/revisions"}],"predecessor-version":[{"id":966,"href":"https:\/\/gestacarperitaciones.com\/index.php\/wp-json\/wp\/v2\/pages\/61\/revisions\/966"}],"wp:attachment":[{"href":"https:\/\/gestacarperitaciones.com\/index.php\/wp-json\/wp\/v2\/media?parent=61"}],"curies":[{"name":"wp","href":"https:\/\/api.w.org\/{rel}","templated":true}]}}